{"id":22880,"date":"2014-03-18T22:11:43","date_gmt":"2014-03-18T20:11:43","guid":{"rendered":"http:\/\/veikot.kaustinen.fi\/?page_id=22880"},"modified":"2015-08-19T07:21:50","modified_gmt":"2015-08-19T05:21:50","slug":"graduointi","status":"publish","type":"page","link":"http:\/\/veikot2.kaustinen.fi\/?page_id=22880","title":{"rendered":"Graduointi"},"content":{"rendered":"<p>Vy\u00f6arvot 5 \u2013 1 kyu\u00a0 (keltainen, oranssi, vihre\u00e4, sininen ja ruskea) suoritetaan seuragraduointina omassa seurassa. Seuragraduoinnista Kaustisen Pohjan-Veikkojen judojaostossa vastaa Antti Kola 2 dan.<\/p>\n<p>Vuosi 2014 on siirtym\u00e4vuosi ruskea vy\u00f6n (1 kyu) graduoinnin osalta, eli v. 2014 ruskean vy\u00f6n graduoinnit suoritetaan viimeist\u00e4 vuotta aluegraduointina L\u00e4nsi-Suomen alueella. Alueiden poistuttua, vuodesta 2015 alkaen 1 kyu \/ ruskeiden v\u00f6iden graduoinnit suoritetaan seuragraduointeina, kuten muutkin kyu -arvot.<\/p>\n<p>Mustien v\u00f6iden (1 dan, 2 dan, 3 dan, jne) graduointi suoritetaan v. 2015 alkaen aina liittograduointina ennalta ilmoitetussa paikassa.\u00a0Liittograduoinnit on kahdesti vuodessa ja niist\u00e4 vastaa Dan kollegio. Yleens\u00e4 syksyn graduointi on &#8221;keh\u00e4 kolmosen&#8221; sis\u00e4puolella ja joulukuun graduointi vuorollaan eri puolella suomea.<\/p>\n<p>Erkki Kivioja\u00a0 1 dan vastaa vy\u00f6kokeisiin valmistautumisesta,\u00a0 kata \u2013kouluttamisesta ja toimii tarvittaessa seuran varagraduoijana.<\/p>\n<p>Seuragraduointimaksut:<\/p>\n<ul>\n<li>keltaisen vy\u00f6n graduointi sis\u00e4ltyy judopassin hintaan (judopassin hinta 32 euroa)<\/li>\n<li>oranssin vy\u00f6n graduointimaksu 30 euroa<\/li>\n<li>vihre\u00e4n vy\u00f6n graduointimaksu 40 euroa<\/li>\n<li>sinisen vy\u00f6n graduointimaksu 50 euroa<\/li>\n<li>ruskean vy\u00f6n graduointimaksu 80 euroa<\/li>\n<\/ul>\n<p>Graduointimaksu tulee olla maksettuna ennen vy\u00f6koetta seuran tilille;<\/p>\n<p>FI98 5124 0410 0000 38<\/p>\n<p>tai<\/p>\n<p>FI66 4912 2040 0023 00<\/p>\n<p>&nbsp;<\/p>\n<p>Judoliitto ja Dan kollegio m\u00e4\u00e4ritt\u00e4\u00e4 vuosittain liittograduointimaksujen suuruuden ja j\u00e4senseurat pit\u00e4miens\u00e4 kyu graduointien maksut.<\/p>\n<p>Vy\u00f6koevaatimukset perustuvat judoliiton linjaamiin vy\u00f6koevaatimuksiin. Vy\u00f6kokeiden v\u00e4liset harjoitteluajat m\u00e4\u00e4r\u00e4ytyv\u00e4t my\u00f6s Judoliiton antamien suositusten puitteissa. Vy\u00f6kokeiden v\u00e4liseen harjoitteluaikaan vaikuttaa vy\u00f6kokelaan ik\u00e4, taitotaso, harjoitteluaktiivisuus yms. T\u00e4m\u00e4n vuoksi absoluuttisen tarkkoja aikarajoja ei ole, vaan graduoinnit pyrit\u00e4\u00e4n suorittamaan tasapuolisesti sek\u00e4 yksil\u00f6n ominaisuudet, ett\u00e4 muut harrastajat huomioiden, vy\u00f6koevaatimuksia noudattaen.<\/p>\n<p>Ohessa seuragraduointina suoritettavien keltaisen, oranssin, vihre\u00e4n, sinisen ja ruskean vy\u00f6n vy\u00f6koevaatimukset ja vy\u00f6kokeiden v\u00e4liset harjoitteluajat. (suositukset KP-V judojaostossa)<\/p>\n<ul>\n<li><a href=\"http:\/\/veikot.kaustinen.fi\/wp\/wp-content\/uploads\/2014\/03\/judo_keltainenvyo_vaatimukset.pdf\">Keltainen vy\u00f6<\/a><\/li>\n<li><a href=\"http:\/\/veikot.kaustinen.fi\/wp\/wp-content\/uploads\/2014\/03\/judo_oranssivyo_vaatimukset.pdf\">Oranssi vy\u00f6<\/a><\/li>\n<li><a href=\"http:\/\/veikot.kaustinen.fi\/wp\/wp-content\/uploads\/2014\/03\/judo_vihreavyo_vaatimukset.pdf\">Vihre\u00e4 vy\u00f6<\/a><\/li>\n<li><a href=\"http:\/\/veikot.kaustinen.fi\/wp\/wp-content\/uploads\/2014\/03\/judo_sininenvyo_vaatimukset.pdf\">Sininen vy\u00f6<\/a><\/li>\n<li><a href=\"http:\/\/veikot.kaustinen.fi\/wp\/wp-content\/uploads\/2014\/03\/judo_ruskeavyo_vaatimukset.pdf\">Ruskea vy\u00f6<\/a><\/li>\n<\/ul>\n","protected":false},"excerpt":{"rendered":"<p>Vy\u00f6arvot 5 \u2013 1 kyu\u00a0 (keltainen, oranssi, vihre\u00e4, sininen ja ruskea) suoritetaan seuragraduointina omassa seurassa. Seuragraduoinnista Kaustisen Pohjan-Veikkojen judojaostossa vastaa Antti Kola 2 dan. Vuosi 2014 on siirtym\u00e4vuosi ruskea vy\u00f6n (1 kyu) graduoinnin osalta, eli v. 2014 ruskean vy\u00f6n graduoinnit suoritetaan viimeist\u00e4 vuotta aluegraduointina L\u00e4nsi-Suomen alueella. Alueiden poistuttua, vuodesta 2015 alkaen 1 kyu \/ ruskeiden [&hellip;]<\/p>\n","protected":false},"author":1,"featured_media":0,"parent":22784,"menu_order":7,"comment_status":"open","ping_status":"open","template":"","meta":{"footnotes":""},"class_list":["post-22880","page","type-page","status-publish","hentry"],"_links":{"self":[{"href":"http:\/\/veikot2.kaustinen.fi\/index.php?rest_route=\/wp\/v2\/pages\/22880","targetHints":{"allow":["GET"]}}],"collection":[{"href":"http:\/\/veikot2.kaustinen.fi\/index.php?rest_route=\/wp\/v2\/pages"}],"about":[{"href":"http:\/\/veikot2.kaustinen.fi\/index.php?rest_route=\/wp\/v2\/types\/page"}],"author":[{"embeddable":true,"href":"http:\/\/veikot2.kaustinen.fi\/index.php?rest_route=\/wp\/v2\/users\/1"}],"replies":[{"embeddable":true,"href":"http:\/\/veikot2.kaustinen.fi\/index.php?rest_route=%2Fwp%2Fv2%2Fcomments&post=22880"}],"version-history":[{"count":18,"href":"http:\/\/veikot2.kaustinen.fi\/index.php?rest_route=\/wp\/v2\/pages\/22880\/revisions"}],"predecessor-version":[{"id":26108,"href":"http:\/\/veikot2.kaustinen.fi\/index.php?rest_route=\/wp\/v2\/pages\/22880\/revisions\/26108"}],"up":[{"embeddable":true,"href":"http:\/\/veikot2.kaustinen.fi\/index.php?rest_route=\/wp\/v2\/pages\/22784"}],"wp:attachment":[{"href":"http:\/\/veikot2.kaustinen.fi\/index.php?rest_route=%2Fwp%2Fv2%2Fmedia&parent=22880"}],"curies":[{"name":"wp","href":"https:\/\/api.w.org\/{rel}","templated":true}]}}