{"id":22791,"date":"2011-03-29T23:02:18","date_gmt":"2011-03-29T21:02:18","guid":{"rendered":"http:\/\/veikot.kaustinen.fi\/?page_id=22791"},"modified":"2014-03-06T23:05:30","modified_gmt":"2014-03-06T21:05:30","slug":"judotoiminta-kaustisella","status":"publish","type":"page","link":"https:\/\/veikot2.kaustinen.fi\/?page_id=22791","title":{"rendered":"Judotoiminta Kaustisella"},"content":{"rendered":"<p>Judotoiminta Kaustisella alkoi virallisesti syksyll\u00e4 1993. Ali Khosroabadi, Kai Ruonala ja Pekka Kainu huomasivat ty\u00f6paikalla keskustellessaan harrastavansa kaikki samaa lajia eli judoa. Pekka k\u00e4vi aktiivisesti Kokkolassa judotreeneiss\u00e4 ja Ali ja Kai olivat lajia aiemmin harrastaneet, mutta eiv\u00e4t nyt olleet aktiiveja. Kai ja Pekka alkoivat treenaamaan yhdess\u00e4 yl\u00e4asteen salissa muutaman neli\u00f6n tatamilla ja Alin kanssa Pekka k\u00e4vi Kokkolassa.<\/p>\n<p>Kuten aina t\u00e4ll\u00e4isissa tapauksissa k\u00e4y, alkoi n\u00e4lk\u00e4 kasvaa sy\u00f6dess\u00e4 ja halu oman salin perustamiseen lis\u00e4\u00e4ntyi. Oman seuran perustaminen pienell\u00e4 paikkakunnalla ei ole yksinkertaista, joten vanhana KP-V:l\u00e4isen\u00e4 Pekka ehdotti jaoston perustamista paikkakunnan urheiluseuran alaisuuteen. N\u00e4ill\u00e4 ev\u00e4ill\u00e4 kolme \u201drohkeaa\u201d miest\u00e4 marssivat KP-V:n hallituksen kokoukseen ehdotuksineen, tarkoituksenaan perustaa budojaosto kamppailulajien harrastajille. Koko hallitus, edesmennyt toiminnanjohtaja Lauri Kivel\u00e4 etunen\u00e4ss\u00e4 ottivat ehdotuksen ennakkoluulottomasti vastaan.<\/p>\n<p>N\u00e4in perustettiin seuralle budojaosto. Jaoston puheenjohtajana aloitti Pekka Kainu. Muut j\u00e4senet olivat Ali Khosroabadi ja Kai Ruonala judokoista, sek\u00e4 Harri Hietala ja Lahti-Luopan veljekset Ari ja Tero karatekoista. Sovimme, ett\u00e4 seura ottaa lainaa tatamin ostoa varten ja jaosto maksaa seuralle tatamista koituneet kustannukset peruskursseilta saamillaan rahoilla. Kustannukset tatamin osalta olivat 36 000 markkaa. Seuraavaksi k\u00e4\u00e4nnyttiin kunnan puoleen tilojen saamiseksi. Silloinen tekninen johtaja Keijo Kentala oli varsin my\u00f6t\u00e4mielinen ja n\u00e4in ollen saimme kunnalta tyhjilleen j\u00e4\u00e4neen teollisuushallin k\u00e4ytt\u00f6\u00f6mme. Sinne rakennettiin talkoilla ja lahjoituksina saaduilla rakennustarvikkeilla jaoston ensimm\u00e4inen oma dojo.<\/p>\n<p>Ensimm\u00e4inen judon peruskurssi alkoi 5.4.1994 klo 17.30. Kurssin vet\u00e4j\u00e4n\u00e4 toimi Pekka Kainu. J\u00e4nnitys oli suuri, koska emme tienneet tuleeko salille ket\u00e4\u00e4n. Yll\u00e4tykseksi kaikkiaan 56 henke\u00e4 ilmoittautui ja se aiheutti kurssin jakamisen kahteen ryhm\u00e4\u00e4n. Tilausta lajille selv\u00e4sti oli ja huokaisimme helpotuksesta, koska velka tatamista muistutti toki olemassa olostaan.<br \/>Seuraavana vuonna jouduimme siirtym\u00e4\u00e4n teollisuushallilta koulun voimistelusaliin ja tatamin kasaaminen ja purkaminen joka harjoituksissa alkoi. T\u00e4t\u00e4 vaihetta kesti onneksi vain vuoden p\u00e4iv\u00e4t.<\/p>\n<p>Toiminnanjohtaja Kivel\u00e4n ja teknisen johtajan Kentalan avustuksella saimme lopulta vastustuksesta huolimatta tatamille paikan urheilutalon kahviosta. T\u00e4m\u00e4 siivitti toimintaa j\u00e4lleen uusille urille. Perustimme kilparyhm\u00e4n, joka alkoi harjoitella judoa s\u00e4\u00e4nn\u00f6llisesti harjoitusohjelmaa noudattaen. Ryhm\u00e4\u00e4 alkoi valmentamaan Pekka Kainu. Aluemestaruuksia tuli jo ensimm\u00e4isen\u00e4 vuonna ja 1997 saimme seuraamme ensimm\u00e4iset SM-mitalistit, kun Pahkakankaan sisarukset Sanna ja Miia toivat yll\u00e4tysmitalit. Miia SM-kultaa A-tyt\u00f6iss\u00e4 ja Sanna SM-hopeaa B-tyt\u00f6iss\u00e4. Tyt\u00f6t valittin my\u00f6s judoliiton maajoukkuevalmennettavien ryhm\u00e4\u00e4n. Seuraavana vuonna SM-kisat olivat seurallemme viel\u00e4kin antoisammat. Sanna voitti kultaa sek\u00e4 A-, ett\u00e4 B-tyt\u00f6iss\u00e4. Miia taisteli itsellens\u00e4 hopeisen mitalin A-tyt\u00f6iss\u00e4. Suurimman yll\u00e4tyksen teki kuitenkin B-pojissa Juha-Matti Virkkala voitettuaan SM-hopeaa. T\u00e4ll\u00e4 hetkell\u00e4 seurassamme on monta lupaavaa juniorijudokaa, jotka voivat menesty\u00e4 my\u00f6s kansainv\u00e4lisesti. Nykyiset vet\u00e4j\u00e4t ja valmentajat tekev\u00e4t hyv\u00e4\u00e4 ty\u00f6t\u00e4 ja toivon kaikille menestyst\u00e4&#8230;<\/p>\n<p>Nyt t\u00e4t\u00e4 kirjoitellessa dojo on j\u00e4lleen evakossa urheilutalon peruskorjauksen takia. Uusiin tiloihin p\u00e4\u00e4semme n\u00e4ht\u00e4v\u00e4sti toukokuun alusta. Silloin saamme k\u00e4ytt\u00f6\u00f6mme aivan oman dojon, johon tulee kiinte\u00e4 144 m2 joustotatami. Toivottavasti judokat ottavat uudet tilat innolla vastaan ja saapuvat sankoin joukoin harjoituksiin.<\/p>\n<p>Palatkaamme lopuksi viel\u00e4 siihen ensimm\u00e4iseen peruskurssin. Kurssilta on jatkanut judoharjoittelua useat judokat n\u00e4ihin p\u00e4iviin saakka ja ensimm\u00e4inen mustanvy\u00f6n judoka graduoitiin vuonna 2006. H\u00e4n on Antti Kola, joka jatkaa vet\u00e4j\u00e4n\u00e4 seurassa toivottavasti viel\u00e4 monta vuotta.\u00a0<\/p>\n<p>Pekka Kainu 1dan<\/p>\n","protected":false},"excerpt":{"rendered":"<p>Judotoiminta Kaustisella alkoi virallisesti syksyll\u00e4 1993. Ali Khosroabadi, Kai Ruonala ja Pekka Kainu huomasivat ty\u00f6paikalla keskustellessaan harrastavansa kaikki samaa lajia eli judoa. Pekka k\u00e4vi aktiivisesti Kokkolassa judotreeneiss\u00e4 ja Ali ja Kai olivat lajia aiemmin harrastaneet, mutta eiv\u00e4t nyt olleet aktiiveja. Kai ja Pekka alkoivat treenaamaan yhdess\u00e4 yl\u00e4asteen salissa muutaman neli\u00f6n tatamilla ja Alin kanssa Pekka [&hellip;]<\/p>\n","protected":false},"author":1,"featured_media":0,"parent":22784,"menu_order":5,"comment_status":"open","ping_status":"open","template":"","meta":{"footnotes":""},"class_list":["post-22791","page","type-page","status-publish","hentry"],"_links":{"self":[{"href":"https:\/\/veikot2.kaustinen.fi\/index.php?rest_route=\/wp\/v2\/pages\/22791","targetHints":{"allow":["GET"]}}],"collection":[{"href":"https:\/\/veikot2.kaustinen.fi\/index.php?rest_route=\/wp\/v2\/pages"}],"about":[{"href":"https:\/\/veikot2.kaustinen.fi\/index.php?rest_route=\/wp\/v2\/types\/page"}],"author":[{"embeddable":true,"href":"https:\/\/veikot2.kaustinen.fi\/index.php?rest_route=\/wp\/v2\/users\/1"}],"replies":[{"embeddable":true,"href":"https:\/\/veikot2.kaustinen.fi\/index.php?rest_route=%2Fwp%2Fv2%2Fcomments&post=22791"}],"version-history":[{"count":1,"href":"https:\/\/veikot2.kaustinen.fi\/index.php?rest_route=\/wp\/v2\/pages\/22791\/revisions"}],"predecessor-version":[{"id":22792,"href":"https:\/\/veikot2.kaustinen.fi\/index.php?rest_route=\/wp\/v2\/pages\/22791\/revisions\/22792"}],"up":[{"embeddable":true,"href":"https:\/\/veikot2.kaustinen.fi\/index.php?rest_route=\/wp\/v2\/pages\/22784"}],"wp:attachment":[{"href":"https:\/\/veikot2.kaustinen.fi\/index.php?rest_route=%2Fwp%2Fv2%2Fmedia&parent=22791"}],"curies":[{"name":"wp","href":"https:\/\/api.w.org\/{rel}","templated":true}]}}