{"id":23202,"date":"2014-04-01T21:46:01","date_gmt":"2014-04-01T19:46:01","guid":{"rendered":"http:\/\/veikot.kaustinen.fi\/?page_id=23202"},"modified":"2014-10-02T22:18:05","modified_gmt":"2014-10-02T19:18:05","slug":"ohjeita-yleisurheilijoille","status":"publish","type":"page","link":"https:\/\/veikot2.kaustinen.fi\/?page_id=23202","title":{"rendered":"Ohjeita yleisurheilijoille"},"content":{"rendered":"<p>Sivuja p\u00e4ivitet\u00e4\u00e4n&#8230;<\/p>\n<p>&nbsp;<\/p>\n","protected":false},"excerpt":{"rendered":"<p>Sivuja p\u00e4ivitet\u00e4\u00e4n&#8230; &nbsp;<\/p>\n","protected":false},"author":1,"featured_media":0,"parent":6,"menu_order":7,"comment_status":"open","ping_status":"open","template":"","meta":{"footnotes":""},"class_list":["post-23202","page","type-page","status-publish","hentry"],"_links":{"self":[{"href":"https:\/\/veikot2.kaustinen.fi\/index.php?rest_route=\/wp\/v2\/pages\/23202","targetHints":{"allow":["GET"]}}],"collection":[{"href":"https:\/\/veikot2.kaustinen.fi\/index.php?rest_route=\/wp\/v2\/pages"}],"about":[{"href":"https:\/\/veikot2.kaustinen.fi\/index.php?rest_route=\/wp\/v2\/types\/page"}],"author":[{"embeddable":true,"href":"https:\/\/veikot2.kaustinen.fi\/index.php?rest_route=\/wp\/v2\/users\/1"}],"replies":[{"embeddable":true,"href":"https:\/\/veikot2.kaustinen.fi\/index.php?rest_route=%2Fwp%2Fv2%2Fcomments&post=23202"}],"version-history":[{"count":3,"href":"https:\/\/veikot2.kaustinen.fi\/index.php?rest_route=\/wp\/v2\/pages\/23202\/revisions"}],"predecessor-version":[{"id":24446,"href":"https:\/\/veikot2.kaustinen.fi\/index.php?rest_route=\/wp\/v2\/pages\/23202\/revisions\/24446"}],"up":[{"embeddable":true,"href":"https:\/\/veikot2.kaustinen.fi\/index.php?rest_route=\/wp\/v2\/pages\/6"}],"wp:attachment":[{"href":"https:\/\/veikot2.kaustinen.fi\/index.php?rest_route=%2Fwp%2Fv2%2Fmedia&parent=23202"}],"curies":[{"name":"wp","href":"https:\/\/api.w.org\/{rel}","templated":true}]}}